te (116 - 115) + 2 + 1 + -5.
-1
-58 + 46 + 4 + 0
-8
Evaluate 0 - (0 - (-2 + 4) - 2).
4
What is 2 - (1 - 0) - (32 + -35)?
4
-5 + 3 + -7 + 6
-3
0 + -3 + -1 - (-2 - -3)
-5
What is the value of -9 + 4 + 7 - (2 + -5)?
5
Calculate -1 + (1 - (0 - 0)).
0
What is the value of -327 - -322 - (1 + (-14 - 0))?
8
Evaluate (-7 - -2) + -5 + 4 + 2.
-4
0 + -8 + (13 - -1)
6
Evaluate -8 - (-6 + 8 + -2 + -3).
-5
-6 + (2 - (4 + -4)) - -6
2
What is the value of 0 + 6 + 9 - 3 - 7?
5
What is the value of -10 - (-5 - 1 - 0) - -2?
-2
Evaluate (-7 - -3 - -5) + 1 + -5.
-3
What is the value of (4 + -7 - -4) + (12 - 18)?
-5
Evaluate -1 - 5 - (72 + -75).
-3
What is the value of -3 - (0 - -8) - -8?
-3
-1 - 0 - -5 - (-3 - -1)
6
What is -2 + 4 + 2 - (1 + 6)?
-3
0 + -13 + (13 - 6)
-6
What is (2 + -6 - -11) + -2 + -4?
1
Calculate 3 - -6 - 7 - 4.
-2
Evaluate 4 + (-7 - -6 - 2 - -7).
8
What is the value of 4 + (-2 - -1 - (5 - 7))?
5
Calculate -12 + (3 - (1 - 6)) - -4.
0
4 + 0 + -7 - (3 + -8)
2
Evaluate -3 + -7 + (-9 - -25).
6
What is 5 + 2 + -17 + 5?
-5
-3 + (0 - -5) + (-3 - 0)
-1
Evaluate 8 - (14 + -6) - -6.
6
What is the value of 2 + -2 + -4 + 7?
3
Evaluate 4 - ((-13 - -2) + 14).
1
2 + 1 + 1 + (-57 - -60)
7
Evaluate -12 - (-9 + 12 - 12).
-3
-9 + -1 - (1 + -10 + 3)
-4
What is -4 + 1 - 4 - (8 + -9)?
-6
What is 1 + (2 - 3) - (100 - 94)?
-6
What is the value of 4 - (-3 + 8 + -7)?
6
Evaluate 13 + -3 + -4 + -5.
1
Calculate (5 - (17 - 5)) + 8.
1
(4 - (5 + -4 + 5)) + -3
-5
3 + (-9 + 6 - (2 + -2))
0
Calculate -7 + 8 - (-1 - 2 - -3).
1
What is -3 + 1 + -1 + 1 + -3?
-5
Calculate -12 + 4 - (1 - 5).
-4
What is the value of 14 + -6 + (-6 - 8)?
-6
What is the value of -5 - (-3 - (0 + 4))?
2
What is the value of -11 + (9 - (8 + -10))?
0
Calculate 10 + -2 - 3 - 1.
4
Evaluate -2 + 0 + 4 + 1 + -2.
1
What is the value of -6 + (2 - (-3 - 1)) - 6?
-6
-6 + (8 - 9 - -2)
-5
What is the value of (3 - -4) + -3 + -8?
-4
Evaluate (8 - 0) + -1 + 5 + -6.
6
Evaluate -13 - -10 - (-14 - -7).
4
What is -1 + 0 + -3 + (7 - 4)?
-1
Evaluate -5 - ((-7 - -6) + -8).
4
Calculate (6 + -6 - 1) + (6 - 5).
0
What is 4 - 4 - (-5 + (0 - -4))?
1
What is 4 + (1 + -6 - -4)?
3
What is the value of 3 + -8 - (0 - 1)?
-4
Calculate 1 + -6 - (2 + 15 - 20).
-2
What is the value of (3 - (0 + 4)) + (0 - 2)?
-3
What is -1 + (17 - 21 - (-4 - -1))?
-2
What is the value of -1 + 0 + -3 + 3?
-1
Calculate 11 + (0 - 2) - (-22 + 27).
4
Calculate -12 - (-5 + 8 + 1 + -8).
-8
What is -6 + (7 - 3) + (1 - 6)?
-7
What is the value of -5 + (8 - (-3 + 2) - 5)?
-1
What is the value of 1 - -1 - 0 - (-1 + 8)?
-5
(-103 - -93) + 1 + 4
-5
Calculate (5 - 0) + -3 - 4.
-2
Evaluate 6 + -2 + (-7 - -3).
0
What is the value of 2 - -2 - (-10 + 20 - 7)?
1
-1 - (-5 + 4 + -2) - 0
2
-1 - (-6 - -3 - (2 + -7))
-3
What is 5 + 0 + (-4 - -5) + -10?
-4
What is the value of 3 + -3 + (0 - 3) - -1?
-2
What is the value of 14 - 5 - (-3 + 8)?
4
What is (3 - -3) + (-4 - (-4 + 2))?
4
Calculate -1 - -6 - (1 - (4 - 10)).
-2
What is the value of 2 + (4 - (2 + -4 + 5))?
3
Evaluate -7 + 0 - (3 + (11 - 20)).
-1
Evaluate -3 - (1 + (1 - 3) - -3).
-5
Calculate -6 + (5 - (0 - 6)).
5
What is 11 + (11 - (-6 - -20))?
8
Evaluate 3 + (-7 - -4) + 3.
3
3 - (12 - 2 - (-1 + 3))
-5
What is the value of 2 + (-2 - (3 - 3))?
0
24 - 28 - (-6 - -1)
1
What is the value of (-5 + 7 - 4) + -4 + 1?
-5
Calculate -1 + 3 + -2 + 5.
5
Calculate -3 + (2 - (4 - 5)).
0
Evaluate -4 + -2 - (3 - 6) - 2.
-5
What is the value of (-2 - -3) + 10 + -13?
-2
Calculate 0 - 1 - (-9 - -12).
-4
-3 - -8 - (-5 + 6)
4
What is 0 + -2 + (1 - (3 - 1))?
-3
Calculate -1 + -15 + 5 + -3 + 5.
-9
4 + -5 - -1 - (4 - 0)
-4
What is -1 + 3 + 0 + -5 + 1?
-2
Calculate 3 + -1 + 0 + (-88 - -91).
5
What is the value of (-9 + 5 - -3) + (-1 - -1)?
-1
What is the value of -8 + 6 - -8 - 9 - 0?
-3
-9 + (19 + -2 - 9)
-1
-12 - -9 - (1 - (1 - 0))
-3
Calculate 1 + (-12 - (6 + -18)).
1
Calculate -25 - -19 - (-1 - 10).
5
Calculate 6 - 1 - (-2 - (-5 + -6)).
-4
What is -7 - (-2 - -4) - (-66 + 65)?
-8
4 + -9 + 6 + 1
2
What is (2 - 2) + -2 - (-4 + 0)?
2
Evaluate (3 - 5) + (-6 - -5).
-3
16 + (-10 - (-1 - -3))
4
(2 - 5 - 4) + 10
3
Evaluate -3 + 0 + 14 + -7 + -1.
3
Evaluate (0 - 0 - 2) + (94 - 96).
-4
Calculate -4 - (-3 + (-9 - -5)).
3
Calculate -1 + -3 + (0 - -6).
2
What is the value of 0 + 1 - (1 - -4)?
-4
(6 - (4 + 10)) + 1
-7
-3 - (4 + -3 + -2 + 2)
-4
What is (3 - 0 - 5 - -2) + 2?
2
(-3 - (0 + -5)) + -1 - 6
-5
Calculate -2 + (2 + -2 - 2 - 0).
-4
What is the value of 9 + -11 - ((-4 - 5) + 5)?
2
What is the value of 3 - (3 + (-1 - (0 + 1)))?
2
What is 20 + -9 - (-4 + 8) - 1?
6
What is the value of 6 - 10 - -21 - (9 + -1)?
9
Calculate 3 + (0 - 11 - -2) - -3.
-3
Evaluate (1 - (4 + -3)) + 2.
2
9 + -36 + 20 - (-4 - 1)
-2
What is -1 + (-2 + 9 - (2 + 1))?
3
Calculate -1 + 1 + 4 + -4.
0
What is the value of (-1 - -7) + -6 - (-1 - 2)?
3
What is (5 - 9) + 2 + 2 + 2?
2
What is the value of 6 + -11 + (-2 - -9)?
2
What is the value of (8 - ((-3 - -5) + 2)) + -3?
1
What is 0 + (-5 - 1 - (10 - 16))?
0
What is (-2 - -2) + 6 - (190 + -192)?
8
Evaluate 1 + -10 - (30 - 45).
6
Evaluate 17 - 10 - 9 - -5.
3
Calculate 6 - (2 + -7 + 0 + 8).
3
Evaluate 2 + (-6 - 1) - (65 - 65).
-5
Calculate (2 + -5 - 5) + 7.
-1
What is the value of (-6 - (-4 + 4)) + 3?
-3
What is the value of 2 + -4 + (-5 - -5) - -1?
-1
What is 1 + 9 + -1 + -8?
1
What is (-5 - -4) + (12 - 18)?
-7
What is -5 - (-3 + -7 - -2)?
3
(6 - (-6 - (0 - 14))) + -2
-4
Calculate 0 - (0 + 1 + (-7 - -4)).
2
What is the value of (-1 - (2 + -5)) + 0?
2
1 + ((4 - 1) + -1 - 4)
-1
Calculate 3 + 0 + (-1 - -2) - 2.
2
6 + -1 + (-47 - -41)
-1
Evaluate 4 + -5 + -2 - (-8 + 11).
-6
What is the value of 6 + -6 - 8 - -8?
0
Calculate 3 - (4 + 2) - 1.
-4
What is the value of -3 - (0 + -1 + 3 + -5)?
0
What is the value of 0 - ((-3 - 3) + 1)?
5
What is the value of -3 + (4 + -8 - -6)?
-1
-3 + -3 + (15 - 11)
-2
What is the value of -1 + (6 + 1 + -7 - -2)?
1
Calculate -9 + (6 - 2) + 0.
-5
Evaluate -10 + 5 - (-5 + 2 + 3).
-5
What is -2 + 2 + (-4 - (-6 + 4))?
-2
-3 - 0 - (-12 + 5 + 3)
1
Evaluate 4 + 2 + 7 + -14.
-1
Calculate -4 + 0 - (-3 - -1) - -2.
0
Calculate -8 - (-8 + 6 + -8).
2
Calculate 1 + 10 + -7 + 0.
4
Evaluate -5 + 4 - 5 - -1.
-5
What is the value of 1 - 0 - (0 + 9 + -5)?
-3
-5 + 3 + -2 - (-5 - 4)
5
Calculate (-1 - 0) + -3 + (1 - -1).
-2
What is 0 - (-3 - (-14 - -4) - 4)?
-3
Calculate -15 + 9 + (2 - 1 - 0).
-5
Evaluate (-2 - 0 - -7) + -2 + -2.
1
Calculate (4 - -2) + -6 - 5.
-5
Evaluate 10 + -1 + 1 + -5.
5
What is the value of 7 + 0 + (-4 - 7)?
-4
(8 - 3 - 4) + (-11 - -17)
7
43 + -42 - (-6 + 1)
6
What is -6 - (-16 + (2 - -6))?
2
(-6 - -2) + 3 + 1
0
-6 + (-8 - -15) - 2
-1
-7 + 28 + -1 + -6 + -5
9
Calculate 10 - ((-10 - -12) + 11).
-3
-1 + 1 + 2 + (0 - -2)
4
7 - (0 + -5 - -8)
4
What is 0 - 4 - (0 - 2 - 0)?
-2
Evaluate -22 + 3 + (13 - 1).
-7
Calculate (-6 - -4) + -2 + -1.
-5
4 + 3 + (-4 - 3) + 2
2
3 + (-11 - -1) + 8
1
Evaluate 5 + 0 + (-37 - -35).
3
Evaluate (-10 - -2) + -4 + 9.
-3
Evaluate (0 - (5 - 8)) + 2.
5
What is the value of 4 + (-6 - (2 + -1))?
-3
Calculate -8 - -1 - (-1 - 1).
-5
Evaluate (4 - (-4 + 10)) + (-2 - 0).
-4
9 + (0 - 6) - 3
0
Calculate -15 + 4 + 4 + -1.
-8
(-6 - -14 - 7) + 0 + -1
0
8 + -5 + 2 + -3 + -6
-4
Calculate 6 - (4 + (-5 - -4)).
3
Calculate (-4 - 0) + (4 - (7 + -2)).
-5
What is 10 - (14 - (-9 - -12))?
-1
Calculate -1 - (-3 - (0 - (2 + 0))).
0
((0 - 5) + 0 - -2) + 1
-2
11 + (-1 - 3) - 1
6
What is 13 + (-15 - -5) + -2?
1
0 + 2 + 3 + -3
2
-4 - (-4 - (5 - 10)) - -7
2
Calculate -14 + 7 + 13 - 3.
3
What is (-2 - -4) + -5 - (-2 - -4)?
-5
Evaluate (-5 - (-3 - -5)) + 4 + 2.
-1
Evaluate (6 - 3) + -6 - (-4 - -1).
0
Calculate -4 + (5 + -7 - -2).
-4
What is 8 - (9 - ((8 - 8) + 6))?
5
Evaluate 5 - 11 - (-7 - -1).
0
What is -7 - (-6 + (-4 - (-2 + -4)))?
-3
What is the value of 5 + 5 + (10 - 11)?
9
What is the value of -10 + 1 - -17 - 17?
-9
(8 - 6) + (-4 - -2)
0
What is the value of 52 + -58 + (7 - 1)?
0
What is -2 - -1 - (-33 - -33)?
-1
Calculate 0 + -1 - ((-1 - -1) + 2).
-3
What is the value of 26 - 23 - (1 - 2)?
4
What is the value of (-2 - -5) + (1 - (4 - -3))?
-3
Calculate 1 - -1 - (14 - 15) - -1.
4
Calculate -2 - 2 - ((-3 - 0) + 3).
-4
Evaluate (0 - 6) + (-22 - -7) + 14.
-7
What is the value of (1 - 6 - -4) + -2 + 0?
-3
What is the value of